 a factor of 11294?
False
Is 6 a factor of 7767?
False
Is 14 a factor of 2632?
True
Is 17119 a multiple of 19?
True
Is 1322 a multiple of 6?
False
Does 15 divide 93?
False
Is 4175 a multiple of 25?
True
Is 8640 a multiple of 48?
True
Is 4 a factor of 2892?
True
Is 8036 a multiple of 43?
False
Is 107 a factor of 29211?
True
Is 28 a factor of 4171?
False
Is 13844 a multiple of 28?
False
Does 86 divide 38356?
True
Does 4 divide 111?
False
Is 14768 a multiple of 16?
True
Does 12 divide 804?
True
Is 33 a factor of 10560?
True
Is 379 a multiple of 11?
False
Does 2 divide 78?
True
Is 12640 a multiple of 20?
True
Is 13 a factor of 1200?
False
Is 21 a factor of 1680?
True
Does 12 divide 35141?
False
Does 61 divide 1147?
False
Does 63 divide 189?
True
Is 193 a factor of 10615?
True
Is 1242 a multiple of 91?
False
Is 59 a factor of 7375?
True
Is 17 a factor of 74441?
False
Is 22 a factor of 7597?
False
Is 25 a factor of 2865?
False
Is 8500 a multiple of 17?
True
Is 44013 a multiple of 257?
False
Is 27 a factor of 378?
True
Is 4622 a multiple of 21?
False
Is 1665 a multiple of 15?
True
Is 673 a multiple of 73?
False
Is 50 a factor of 5450?
True
Does 5 divide 105?
True
Is 12 a factor of 2669?
False
Is 94 a factor of 752?
True
Is 161 a multiple of 2?
False
Is 240 a multiple of 2?
True
Is 3871 a multiple of 79?
True
Is 32 a factor of 7176?
False
Is 26678 a multiple of 4?
False
Is 6497 a multiple of 87?
False
Is 20 a multiple of 3?
False
Does 5 divide 3777?
False
Does 8 divide 813?
False
Is 89 a factor of 3293?
True
Is 23511 a multiple of 17?
True
Is 42972 a multiple of 22?
False
Is 19 a factor of 3548?
False
Does 38 divide 2052?
True
Does 114 divide 1938?
True
Is 1180 a multiple of 20?
True
Does 56 divide 728?
True
Is 13 a factor of 871?
True
Does 43 divide 32938?
True
Is 4 a factor of 23?
False
Is 3 a factor of 271?
False
Is 21 a factor of 13103?
False
Is 279 a factor of 49044?
False
Is 1080 a multiple of 15?
True
Is 35 a factor of 3780?
True
Is 6472 a multiple of 2?
True
Is 74 a multiple of 12?
False
Is 100 a factor of 791?
False
Is 80672 a multiple of 32?
True
Is 1054 a multiple of 62?
True
Does 18 divide 522?
True
Is 65906 a multiple of 6?
False
Is 1808 a multiple of 13?
False
Is 10 a factor of 10370?
True
Is 110 a factor of 19030?
True
Is 44 a factor of 603?
False
Is 13114 a multiple of 166?
True
Is 1300 a multiple of 26?
True
Does 6 divide 22213?
False
Does 242 divide 21941?
False
Does 20 divide 1035?
False
Is 548 a multiple of 7?
False
Is 3244 a multiple of 25?
False
Does 7 divide 985?
False
Is 26380 a multiple of 5?
True
Does 65 divide 5383?
False
Is 12394 a multiple of 3?
False
Does 36 divide 1224?
True
Does 33 divide 8156?
False
Does 56 divide 41608?
True
Is 25 a factor of 706?
False
Is 2 a factor of 320?
True
Is 343 a multiple of 38?
False
Does 15 divide 4770?
True
Is 19 a factor of 33233?
False
Is 117 a multiple of 39?
True
Does 9 divide 36?
True
Is 27 a factor of 133?
False
Does 187 divide 10419?
False
Is 2167 a multiple of 19?
False
Does 99 divide 74052?
True
Does 143 divide 31460?
True
Does 3 divide 2271?
True
Is 12 a factor of 237?
False
Is 13 a factor of 6864?
True
Does 41 divide 1517?
True
Is 131 a factor of 60260?
True
Is 162 a multiple of 27?
True
Is 350 a multiple of 5?
True
Is 112 a factor of 27964?
False
Does 10 divide 360?
True
Does 282 divide 23124?
True
Is 11 a factor of 3484?
False
Does 102 divide 5406?
True
Is 10 a factor of 394?
False
Is 9420 a multiple of 62?
False
Is 3128 a multiple of 23?
True
Is 720 a multiple of 4?
True
Is 14265 a multiple of 9?
True
Is 8 a factor of 31360?
True
Is 33 a factor of 2608?
False
Does 90 divide 180?
True
Is 18 a factor of 7902?
True
Is 4 a factor of 12799?
False
Does 37 divide 518?
True
Does 23 divide 754?
False
Is 10274 a multiple of 24?
False
Is 8 a factor of 517?
False
Is 2076 a multiple of 12?
True
Does 16 divide 288?
True
Does 36 divide 23808?
False
Is 4797 a multiple of 55?
False
Is 4455 a multiple of 15?
True
Is 1445 a multiple of 7?
False
Is 6 a factor of 3090?
True
Is 381 a factor of 72771?
True
Is 115 a factor of 111617?
False
Does 54 divide 1944?
True
Does 27 divide 6156?
True
Is 11 a factor of 45012?
True
Does 18 divide 119?
False
Is 21 a factor of 171135?
False
Is 22 a factor of 1628?
True
Does 120 divide 69221?
False
Is 18 a factor of 9068?
False
Does 11 divide 167?
False
Is 26 a factor of 832?
True
Does 19 divide 11704?
True
Is 11090 a multiple of 10?
True
Is 13 a factor of 1341?
False
Is 2480 a multiple of 8?
True
Is 1088 a multiple of 16?
True
Does 13 divide 1695?
False
Does 31 divide 12453?
False
Does 8 divide 1272?
True
Does 22 divide 1870?
True
Is 17184 a multiple of 8?
True
Is 13880 a multiple of 3?
False
Does 27 divide 1188?
True
Does 47 divide 110591?
True
Is 2206 a multiple of 12?
False
Is 10584 a multiple of 36?
True
Does 6 divide 1716?
True
Does 11 divide 495?
True
Is 59982 a multiple of 317?
False
Is 62 a factor of 7740?
False
Is 2040 a multiple of 17?
True
Is 2 a factor of 17?
False
Is 448 a multiple of 32?
True
Is 1214 a multiple of 15?
False
Is 1134 a multiple of 18?
True
Does 2 divide 1902?
True
Is 266 a multiple of 4?
False
Does 121 divide 3146?
True
Is 110 a multiple of 10?
True
Is 75 a multiple of 25?
True
Does 46 divide 690?
True
Is 67 a factor of 1474?
True
Is 4256 a multiple of 122?
False
Does 82 divide 54544?
False
Is 4420 a multiple of 34?
True
Is 73329 a multiple of 304?
False
Is 8961 a multiple of 205?
False
Is 4 a factor of 968?
True
Is 8 a factor of 36329?
False
Is 40 a factor of 3320?
True
Is 252 a multiple of 14?
True
Is 390 a multiple of 10?
True
Is 4 a factor of 1988?
True
Is 106 a factor of 3604?
True
Is 6 a factor of 3248?
False
Is 6 a factor of 234?
True
Is 10651 a multiple of 88?
False
Does 23 divide 2369?
True
Does 63 divide 50612?
False
Is 2520 a multiple of 5?
True
Does 5 divide 319?
False
Is 1386 a multiple of 21?
True
Does 49 divide 1848?
False
Is 46 a factor of 138?
True
Is 101 a factor of 75662?
False
Is 16001 a multiple of 233?
False
Is 93 a multiple of 3?
True
Is 36865 a multiple of 96?
False
Is 42316 a multiple of 12?
False
Is 20 a factor of 922?
False
Is 1703 a multiple of 3?
False
Is 12 a factor of 1004?
False
Does 326 divide 20864?
True
Is 17 a factor of 306?
True
Is 50 a multiple of 2?
True
Is 341 a multiple of 18?
False
Is 160 a factor of 68543?
False
Is 7916 a multiple of 107?
False
Is 431 even?
False
Is 5822 a multiple of 71?
True
Is 82 a factor of 82?
True
Does 32 divide 202?
False
Is 36 a factor of 1044?
True
Is 5 a factor of 100?
True
Does 26 divide 16068?
True
Is 35 a factor of 3710?
True
Is 69 a multiple of 23?
True
Is 897 a multiple of 26?
False
Is 4583 a multiple of 47?
False
Is 11 a factor of 805?
False
Is 39 a factor of 1272?
False
Is 920 a multiple of 75?
False
Does 34 divide 36?
False
Does 148 divide 15328?
False
Is 2 a factor of 40?
True
Is 14 a factor of 3402?
True
Is 1530 a multiple of 45?
True
Does 118 divide 22420?
True
Is 3 a factor of 87?
True
Does 3 divide 36?
True
Is 118 a multiple of 59?
True
Is 8 a factor of 1568?
True
Does 10 divide 4880?
True
Does 16 divide 3680?
True
Is 9 a factor of 83601?
True
Does 28 divide 12717?
False
Does 80 divide 535?
False
Is 15 a factor of 263?
False
Is 3872 a multiple of 8?
True
Is 15 a factor of 13950?
True
Is 475 a multiple of 5?
True
Is 33 a factor of 51727?
False
Is 817 a multiple of 43?
True
Is 8512 a multiple of 304?
True
Does 38 divide 5472?
True
Does 96 divide 1611?
False
Does 86 divide 4322?
False
Is 11671 a multiple of 100?
False
Does 36 divide 5073?
False
Is 10 a factor of 332?
False
Is 46 a factor of 25583?
False
Is 29 a factor of 290?
True
Does 213 divide 30459?
True
Does 78 divide 5296?
False
Is 7 a factor of 395?
False
Does 4 divide 411?
False
Is 2800 a multiple of 7?
True
Is 101 a factor of 4982?
False
Is 3044 a multiple of 68?
False
Is 1339 a multiple of 63?
False
Does 79 divide 1422?
True
Does 31 divide 2694?
False
Is 6436 a multiple of 3?
False
Does 7 divide 1046?
False
Does 23 divide 14125?
False
Is 110 a factor of 29920?
True
Is 16022 a multiple of 30?
False
Is 22 a factor of 2948?
True
Is 19 a factor of 569?
False
Does 11 divide 239?
False
Does 5 divide 185?
True
Is 441 a factor of 111573?
True
Is 546 a multiple of 26?
True
Is 14140 a multiple of 7?
T